{"id":415,"date":"2018-06-18T14:31:30","date_gmt":"2018-06-18T14:31:30","guid":{"rendered":"https:\/\/hundeschule.eikenroth.net\/?page_id=415"},"modified":"2022-03-03T22:03:44","modified_gmt":"2022-03-03T22:03:44","slug":"longieren","status":"publish","type":"page","link":"https:\/\/hundeschule-giessen.de\/angelika\/kurse\/longieren\/","title":{"rendered":"Longieren"},"content":{"rendered":"<p>[et_pb_section fb_built=&#8220;1&#8243; disabled_on=&#8220;on|on|&#8220; _builder_version=&#8220;3.22&#8243; background_color=&#8220;#1d9811&#8243; custom_padding=&#8220;0px||0px|&#8220; global_colors_info=&#8220;{}&#8220;][et_pb_row column_structure=&#8220;1_2,1_2&#8243; make_equal=&#8220;on&#8220; _builder_version=&#8220;3.25&#8243; background_color=&#8220;#1d9811&#8243; custom_margin=&#8220;0px||0px|&#8220; custom_padding=&#8220;0px||0px|&#8220; custom_width_percent=&#8220;100%&#8220; global_colors_info=&#8220;{}&#8220;][et_pb_column type=&#8220;1_2&#8243; _builder_version=&#8220;3.25&#8243; custom_padding=&#8220;|||&#8220; global_colors_info=&#8220;{}&#8220; custom_padding__hover=&#8220;|||&#8220;][et_pb_image src=&#8220;https:\/\/hundeschule-giessen.de\/angelika\/wp-content\/uploads\/Longieren-1.jpg&#8220; alt=&#8220;Lonigeren&#8220; align_tablet=&#8220;center&#8220; align_phone=&#8220;&#8220; align_last_edited=&#8220;on|desktop&#8220; admin_label=&#8220;Bild Desktop&#8220; _builder_version=&#8220;3.23&#8243; global_colors_info=&#8220;{}&#8220;][\/et_pb_image][\/et_pb_column][et_pb_column type=&#8220;1_2&#8243; _builder_version=&#8220;3.25&#8243; background_color=&#8220;#1d9811&#8243; custom_padding=&#8220;|||&#8220; global_colors_info=&#8220;{}&#8220; custom_padding__hover=&#8220;|||&#8220;][et_pb_text _builder_version=&#8220;4.0.11&#8243; header_font_size=&#8220;50px&#8220; custom_padding=&#8220;25%|||&#8220; header_text_shadow_style=&#8220;preset3&#8243; global_colors_info=&#8220;{}&#8220;]<\/p>\n<h1><span style=\"color: #ffe572;\">Longieren <br \/> <\/span><\/h1>\n<p>[\/et_pb_text][\/et_pb_column][\/et_pb_row][\/et_pb_section][et_pb_section fb_built=&#8220;1&#8243; disabled_on=&#8220;off|off|on&#8220; _builder_version=&#8220;3.22&#8243; custom_padding=&#8220;0px||0px|&#8220; global_colors_info=&#8220;{}&#8220;][et_pb_row column_structure=&#8220;1_2,1_2&#8243; make_equal=&#8220;on&#8220; _builder_version=&#8220;3.25&#8243; background_color=&#8220;#1d9811&#8243; width=&#8220;100%&#8220; max_width=&#8220;100%&#8220; custom_margin=&#8220;0px||0px|&#8220; custom_padding=&#8220;0px||0px|&#8220; use_custom_width=&#8220;on&#8220; width_unit=&#8220;off&#8220; custom_width_percent=&#8220;100%&#8220; global_colors_info=&#8220;{}&#8220;][et_pb_column type=&#8220;1_2&#8243; _builder_version=&#8220;3.25&#8243; custom_padding=&#8220;|||&#8220; global_colors_info=&#8220;{}&#8220; custom_padding__hover=&#8220;|||&#8220;][et_pb_image src=&#8220;https:\/\/hundeschule-giessen.de\/angelika\/wp-content\/uploads\/Longieren-1.jpg&#8220; alt=&#8220;Lonigeren&#8220; align_tablet=&#8220;center&#8220; align_phone=&#8220;&#8220; align_last_edited=&#8220;on|desktop&#8220; admin_label=&#8220;Bild Handy + Tablet&#8220; _builder_version=&#8220;3.23&#8243; global_colors_info=&#8220;{}&#8220;][\/et_pb_image][\/et_pb_column][et_pb_column type=&#8220;1_2&#8243; _builder_version=&#8220;3.25&#8243; background_color=&#8220;#1d9811&#8243; custom_padding=&#8220;|||&#8220; global_colors_info=&#8220;{}&#8220; custom_padding__hover=&#8220;|||&#8220;][et_pb_text _builder_version=&#8220;4.0.11&#8243; header_font_size=&#8220;50px&#8220; custom_padding=&#8220;15%||15%|&#8220; custom_padding_tablet=&#8220;0px||5%|&#8220; custom_padding_phone=&#8220;&#8220; custom_padding_last_edited=&#8220;on|tablet&#8220; header_font_size_tablet=&#8220;40px&#8220; header_font_size_phone=&#8220;35px&#8220; header_font_size_last_edited=&#8220;on|tablet&#8220; header_text_shadow_style=&#8220;preset3&#8243; global_colors_info=&#8220;{}&#8220;]<\/p>\n<h1 style=\"text-align: center;\"><span style=\"color: #ffe572;\">Longieren<br \/> <\/span><\/h1>\n<p>[\/et_pb_text][\/et_pb_column][\/et_pb_row][\/et_pb_section][et_pb_section fb_built=&#8220;1&#8243; _builder_version=&#8220;3.22&#8243; custom_margin=&#8220;||0px|&#8220; custom_padding=&#8220;||0px|&#8220; top_divider_style=&#8220;wave2&#8243; top_divider_color=&#8220;rgba(178,178,178,0.43)&#8220; global_colors_info=&#8220;{}&#8220;][et_pb_row column_structure=&#8220;1_2,1_2&#8243; _builder_version=&#8220;3.25&#8243; custom_margin=&#8220;||0px|&#8220; custom_padding=&#8220;62px||0px||false|false&#8220; global_colors_info=&#8220;{}&#8220;][et_pb_column type=&#8220;1_2&#8243; _builder_version=&#8220;3.25&#8243; custom_padding=&#8220;|||&#8220; global_colors_info=&#8220;{}&#8220; custom_padding__hover=&#8220;|||&#8220;][et_pb_text _builder_version=&#8220;3.27.4&#8243; global_colors_info=&#8220;{}&#8220;]<\/p>\n<p><span style=\"color: #1d9811;\"><strong>Longieren<\/strong><strong> &#8211; bietet nahezu unbegrenzte M\u00f6glichkeiten!<\/strong><\/span><\/p>\n<p>Das Training am Longierkreis ist f\u00fcr alle Hunde geeignet, besonders aber f\u00fcr diejenigen, die leicht aufdrehen, sich noch nicht so gut konzentrieren k\u00f6nnen, die lernen sollen, mehr auf ihren Menschen zu achten.<br \/>Der Hund muss keine Voraussetzungen mitbringen. Weder vom Training her, noch k\u00f6rperlich. Jeder kann mitmachen!<br \/>Beim <strong>k\u00f6rpersprachlichen Longieren <\/strong>trainieren wir die Wahrnehmung und den Einsatz unserer K\u00f6rpersprache. Sie ist f\u00fcr den Hund eines der wichtigsten Kommunikationsmittel, wird von uns aber h\u00e4ufig nicht ausreichend beachtet. Missverst\u00e4ndnisse, Ungenauigkeiten und auf den ersten Blick nicht nachvollziehbares Verhalten sind dann oft die Folge. Mit dem k\u00f6rpersprachlichen Longieren k\u00f6nnen (jenseits erlernter Kommandos) wunderbare &#8218;Gespr\u00e4che&#8216; zwischen Mensch und Hund in einem gesch\u00fctzen Rahmen entstehen, die h\u00e4ufig auch im Alltag n\u00fctzlich sind. <\/p>\n<p>[\/et_pb_text][\/et_pb_column][et_pb_column type=&#8220;1_2&#8243; _builder_version=&#8220;3.25&#8243; custom_padding=&#8220;|||&#8220; global_colors_info=&#8220;{}&#8220; custom_padding__hover=&#8220;|||&#8220;][et_pb_text admin_label=&#8220;Tabelle&#8220; _builder_version=&#8220;4.8.1&#8243; global_colors_info=&#8220;{}&#8220;]<\/p>\n<p>&nbsp;<\/p>\n<table>\n<thead>\n<tr>\n<th scope=\"col\">Wochentag<\/th>\n<th scope=\"col\"><\/th>\n<th scope=\"col\">Betreuer<\/th>\n<\/tr>\n<\/thead>\n<tbody>\n<tr>\n<td data-label=\"Wochentag\">Stand 04.03.2022<\/td>\n<td data-label=\"Wochentag\">weitere Kurse sind in Planung!<\/td>\n<td data-label=\"Betreuer\"><\/td>\n<\/tr>\n<tr>\n<td data-label=\"Wochentag\">Donnerstag 18:15-19:15<\/td>\n<td data-label=\"Wochentag\">Schnupperkurs, <br \/>ausgebucht;<\/td>\n<td data-label=\"Betreuer\">Brigitte<\/td>\n<\/tr>\n<tr>\n<td data-label=\"Wochentag\"><\/td>\n<td data-label=\"Wochentag\"><\/td>\n<td data-label=\"Betreuer\"><\/td>\n<\/tr>\n<\/tbody>\n<\/table>\n<p>&nbsp;<\/p>\n<p>[\/et_pb_text][\/et_pb_column][\/et_pb_row][et_pb_row custom_padding_last_edited=&#8220;on|tablet&#8220; _builder_version=&#8220;3.25&#8243; custom_margin=&#8220;1%||2%|&#8220; custom_margin_tablet=&#8220;1%||6%|&#8220; custom_margin_phone=&#8220;1%||8%|&#8220; custom_margin_last_edited=&#8220;on|phone&#8220; custom_padding=&#8220;0px||0px|&#8220; custom_padding_tablet=&#8220;&#8220; custom_padding_phone=&#8220;&#8220; global_colors_info=&#8220;{}&#8220;][et_pb_column type=&#8220;4_4&#8243; _builder_version=&#8220;3.25&#8243; custom_padding=&#8220;|||&#8220; global_colors_info=&#8220;{}&#8220; custom_padding__hover=&#8220;|||&#8220;][et_pb_text _builder_version=&#8220;4.0.9&#8243; global_colors_info=&#8220;{}&#8220;]<\/p>\n<p>Au\u00dferdem macht das Training, wenn die Grundlagen erstmal da sind, viel Spa\u00df und ist eine gute Auslastung und Besch\u00e4ftigung f\u00fcr den Hund.<br \/> Das Training leitet Jennifer Nowak. Durch ihren inzwischen 5j\u00e4hrigen Appenzeller-R\u00fcden &#8222;Anton&#8220; wurde sie vor so manche Herausforderung gestellt. Zum Rudel geh\u00f6rt noch &#8222;Agathe&#8220;, eine liebenswerte Bracken-Mix-H\u00fcndin, die jedoch auch nicht immer ganz &#8222;leichtf\u00fchrig&#8220; ist.<br \/> Durch solche Hunde lernt man aber am meisten, und mit solchen Hunden arbeitet man sich durch vieles durch, was inzwischen an Trainingsangeboten auf dem Markt ist, und lernt, was f\u00fcr wen gut ist. So hat sich Jennifer auch gr\u00fcndlich mit dem Longieren befasst, hierzu auch Seminare besucht, und ich freue mich, dass sie nun in meiner Hundeschule Kurse anbietet.<br \/>Jennifer bereitet sich auf die Pr\u00fcfung zur Hundetrainerein nach \u00a711 Tierschutzgesetz vor.<\/p>\n<p>&nbsp;<\/p>\n<p><span style=\"color: #1d9811;\"><strong>F\u00fcr welche Hunde und Menschen ist Longieren interessant?<\/strong><\/span><\/p>\n<p>Eigentlich f\u00fcr alle&#8230; siehe oben stehender Text. Vor allem aber Treib- und H\u00fctehunde und Jagdhunde k\u00f6nnen hiermit ausgelastet und besser kontrolliert werden. Auch junge Hunde k\u00f6nnen schon ins Longieren eingef\u00fchrt werden, da es bei behutsamem Training keine gro\u00dfe k\u00f6rperliche Belastung darstellt.<\/p>\n<p><span style=\"color: #1d9811;\"><strong>Wie bieten wir Longieren an?<\/strong><\/span><\/p>\n<p>Seit 2007 stand Longieren mit gelegentlichen Wochenendseminare im Programm, seit 2012 gab es ab und ab Kurse mit verschiedenen Gast-Trainern.<br \/> 2018 haben wir Longieren wieder als Kurs ins Programm genommen.<\/p>\n<p><span style=\"color: #1d9811;\"><strong>Gibt es Teilnahmevoraussetzungen?<\/strong><\/span><\/p>\n<p>Wir freuen uns \u00fcber jeden, der diese Besch\u00e4ftigungsm\u00f6glichkeit kennen lernen m\u00f6chte! Ein guter Grundgehorsam macht das Training sicherlich einfacher, ist aber nicht unbedingt Voraussetzung.<\/p>\n<p>[\/et_pb_text][\/et_pb_column][\/et_pb_row][\/et_pb_section]<\/p>\n","protected":false},"excerpt":{"rendered":"<p>Longieren Longieren Longieren &#8211; bietet nahezu unbegrenzte M\u00f6glichkeiten!Das Training am Longierkreis ist f\u00fcr alle Hunde geeignet, besonders aber f\u00fcr diejenigen, die leicht aufdrehen, sich noch nicht so gut konzentrieren k\u00f6nnen, die lernen sollen, mehr auf ihren Menschen zu achten.Der Hund muss keine Voraussetzungen mitbringen. Weder vom Training her, noch k\u00f6rperlich. Jeder kann mitmachen!Beim k\u00f6rpersprachlichen Longieren [&hellip;]<\/p>\n","protected":false},"author":1,"featured_media":0,"parent":113,"menu_order":0,"comment_status":"closed","ping_status":"closed","template":"","meta":{"_et_pb_use_builder":"on","_et_pb_old_content":"","_et_gb_content_width":"","footnotes":""},"class_list":["post-415","page","type-page","status-publish","hentry"],"_links":{"self":[{"href":"https:\/\/hundeschule-giessen.de\/angelika\/wp-json\/wp\/v2\/pages\/415","targetHints":{"allow":["GET"]}}],"collection":[{"href":"https:\/\/hundeschule-giessen.de\/angelika\/wp-json\/wp\/v2\/pages"}],"about":[{"href":"https:\/\/hundeschule-giessen.de\/angelika\/wp-json\/wp\/v2\/types\/page"}],"author":[{"embeddable":true,"href":"https:\/\/hundeschule-giessen.de\/angelika\/wp-json\/wp\/v2\/users\/1"}],"replies":[{"embeddable":true,"href":"https:\/\/hundeschule-giessen.de\/angelika\/wp-json\/wp\/v2\/comments?post=415"}],"version-history":[{"count":29,"href":"https:\/\/hundeschule-giessen.de\/angelika\/wp-json\/wp\/v2\/pages\/415\/revisions"}],"predecessor-version":[{"id":3829,"href":"https:\/\/hundeschule-giessen.de\/angelika\/wp-json\/wp\/v2\/pages\/415\/revisions\/3829"}],"up":[{"embeddable":true,"href":"https:\/\/hundeschule-giessen.de\/angelika\/wp-json\/wp\/v2\/pages\/113"}],"wp:attachment":[{"href":"https:\/\/hundeschule-giessen.de\/angelika\/wp-json\/wp\/v2\/media?parent=415"}],"curies":[{"name":"wp","href":"https:\/\/api.w.org\/{rel}","templated":true}]}}