{"id":417,"date":"2018-06-18T14:32:22","date_gmt":"2018-06-18T14:32:22","guid":{"rendered":"https:\/\/hundeschule.eikenroth.net\/?page_id=417"},"modified":"2019-02-13T11:05:07","modified_gmt":"2019-02-13T11:05:07","slug":"treibball","status":"publish","type":"page","link":"https:\/\/hundeschule-giessen.de\/angelika\/kurse\/treibball\/","title":{"rendered":"Treibball"},"content":{"rendered":"<p>[et_pb_section bb_built=&#8220;1&#8243; disabled_on=&#8220;on|on|&#8220; _builder_version=&#8220;3.11.1&#8243; background_color=&#8220;#1d9811&#8243; custom_padding=&#8220;0px||0px|&#8220; next_background_color=&#8220;#ffffff&#8220;][et_pb_row custom_width_percent=&#8220;100%&#8220; custom_padding=&#8220;0px||0px|&#8220; custom_margin=&#8220;0px||0px|&#8220; make_equal=&#8220;on&#8220; background_color_2=&#8220;#1d9811&#8243; _builder_version=&#8220;3.11.1&#8243; background_color=&#8220;#1d9811&#8243;][et_pb_column type=&#8220;1_2&#8243;][et_pb_image admin_label=&#8220;Bild Desktop&#8220; src=&#8220;https:\/\/hundeschule-giessen.de\/angelika\/wp-content\/uploads\/Treibball-1.jpg&#8220; alt=&#8220;Treibball&#8220; _builder_version=&#8220;3.19.9&#8243; \/][\/et_pb_column][et_pb_column type=&#8220;1_2&#8243;][et_pb_text _builder_version=&#8220;3.11.1&#8243; header_font_size=&#8220;50px&#8220; header_text_shadow_style=&#8220;preset3&#8243; custom_padding=&#8220;25%|||&#8220;]<\/p>\n<h1><span style=\"color: #ffe572;\">Treibball<\/span><\/h1>\n<p>[\/et_pb_text][\/et_pb_column][\/et_pb_row][\/et_pb_section][et_pb_section bb_built=&#8220;1&#8243; disabled_on=&#8220;off|off|on&#8220; _builder_version=&#8220;3.11.1&#8243; custom_padding=&#8220;0px||0px|&#8220; prev_background_color=&#8220;#1d9811&#8243; next_background_color=&#8220;#000000&#8243;][et_pb_row use_custom_width=&#8220;on&#8220; width_unit=&#8220;off&#8220; custom_width_percent=&#8220;100%&#8220; custom_padding=&#8220;0px||0px|&#8220; custom_margin=&#8220;0px||0px|&#8220; make_equal=&#8220;on&#8220; background_color_2=&#8220;#1d9811&#8243; _builder_version=&#8220;3.11.1&#8243; background_color=&#8220;#1d9811&#8243;][et_pb_column type=&#8220;1_2&#8243;][et_pb_image admin_label=&#8220;Bild Handy + Tablet&#8220; src=&#8220;https:\/\/hundeschule-giessen.de\/angelika\/wp-content\/uploads\/Treibball-1.jpg&#8220; _builder_version=&#8220;3.19.9&#8243; alt=&#8220;Treibball&#8220; \/][\/et_pb_column][et_pb_column type=&#8220;1_2&#8243;][et_pb_text _builder_version=&#8220;3.11.1&#8243; header_font_size=&#8220;50px&#8220; header_font_size_tablet=&#8220;40px&#8220; header_font_size_phone=&#8220;35px&#8220; header_font_size_last_edited=&#8220;on|tablet&#8220; header_text_shadow_style=&#8220;preset3&#8243; custom_padding=&#8220;15%||15%|&#8220; custom_padding_tablet=&#8220;0px||5%|&#8220; custom_padding_last_edited=&#8220;on|tablet&#8220;]<\/p>\n<h1 style=\"text-align: center;\"><span style=\"color: #ffe572;\">Treibball<\/span><\/h1>\n<p>[\/et_pb_text][\/et_pb_column][\/et_pb_row][\/et_pb_section][et_pb_section bb_built=&#8220;1&#8243; _builder_version=&#8220;3.9&#8243; custom_margin=&#8220;||0px|&#8220; custom_padding=&#8220;||0px|&#8220; top_divider_style=&#8220;wave2&#8243; top_divider_color=&#8220;rgba(178,178,178,0.43)&#8220; top_divider_height=&#8220;86px&#8220; top_divider_flip=&#8220;vertical&#8220; prev_background_color=&#8220;#000000&#8243;][et_pb_row custom_padding=&#8220;2%||0px|&#8220; custom_padding_tablet=&#8220;7%||0px|&#8220; custom_padding_phone=&#8220;11%||0px|&#8220; custom_margin=&#8220;||0px|&#8220; custom_padding_last_edited=&#8220;on|phone&#8220; _builder_version=&#8220;3.10.1&#8243; custom_margin_last_edited=&#8220;on|phone&#8220;][et_pb_column type=&#8220;1_2&#8243;][et_pb_text _builder_version=&#8220;3.10.1&#8243; custom_margin_tablet=&#8220;||0px|&#8220; custom_margin_last_edited=&#8220;on|tablet&#8220; custom_padding_tablet=&#8220;||0px|&#8220; custom_padding_last_edited=&#8220;on|tablet&#8220;]<\/p>\n<p>\n<span style=\"color: #1d9811;\"><strong>Treibball \u2013 was ist das? <\/strong><\/span><\/p>\n<p>Eine von vielen neuen Ideen, mit der unsere oft unterforderten Familienhunde ausgelastet werden k\u00f6nnen. Entwickelt von Jan Nijboer, ist Treibball eine M\u00f6glichkeit zur Besch\u00e4ftigung aller Hunde mit gro\u00dfem Spieltrieb, die m\u00f6glichst auch gerne apportieren sollten.<\/p>\n<p>[\/et_pb_text][\/et_pb_column][et_pb_column type=&#8220;1_2&#8243;][et_pb_text admin_label=&#8220;Tabelle&#8220; _builder_version=&#8220;3.11.1&#8243;]<\/p>\n<table>\n<thead>\n<tr>\n<th scope=\"col\">Wochentag<\/th>\n<th scope=\"col\">Betreuer<\/th>\n<\/tr>\n<\/thead>\n<tbody>\n<tr>\n<td data-label=\"Wochentag\">derzeit keine Kurse<\/td>\n<td data-label=\"Betreuer\"><\/td>\n<\/tr>\n<\/tbody>\n<\/table>\n<p>&nbsp;<\/p>\n<p>[\/et_pb_text][\/et_pb_column][\/et_pb_row][et_pb_row custom_padding=&#8220;1%||0px|&#8220; custom_padding_tablet=&#8220;0px||2%|&#8220; custom_padding_phone=&#8220;0px||4%|&#8220; custom_margin=&#8220;0px||0px|&#8220; custom_padding_last_edited=&#8220;on|phone&#8220; _builder_version=&#8220;3.10.1&#8243; custom_margin_last_edited=&#8220;on|desktop&#8220;][et_pb_column type=&#8220;4_4&#8243;][et_pb_text _builder_version=&#8220;3.11.1&#8243;]<\/p>\n<p>Beim Treibball soll der Hund B\u00e4lle (weiche Gymnastikb\u00e4lle) vor sich her in ein Tor hinein treiben. Hierzu gibt es gewisse \u201eSpielregeln\u201c, wie dies zu erfolgen hat, wobei der Hundef\u00fchrer seinen Hund auf Distanz kontrollieren und lenken muss.<\/p>\n<p>Die Kommunikation zwischen Hund und Mensch ist also gefordert, wird aber auch weiter gef\u00f6rdert!<\/p>\n<p><span style=\"color: #1d9811;\"><strong>F\u00fcr welche Hunde ist Treibball interessant?<\/strong><\/span><\/p>\n<p>Es sind vor allem Treib- und H\u00fctehunde, die hiermit ausgelastet werden k\u00f6nnen, da es ihren rassetypischen Eigenschaften entgegen kommt; aber grunds\u00e4tzlich ist es mit allen Hunden m\u00f6glich, die ausreichend Spieltrieb haben und gerne apportieren. Auch junge Hunde k\u00f6nnen schon ins Training eingef\u00fchrt werden, da Treibball sehr gelenkschonend ist.<\/p>\n<p>Es wird zun\u00e4chst mit Hartplastikb\u00e4llen und dann mit weichen Gymnastikb\u00e4llen gearbeitet.<\/p>\n<p><span style=\"color: #1d9811;\"><strong>Wie bieten wir Treibball an?<\/strong><\/span><\/p>\n<p>Zur Zeit leider nicht, da die Trainerin zu weit weg wohnt und mit ihren eigenen Angeboten gut zu tun hat.<br \/>Bei Interesse wendet euch bitte an Kerstin Nier,<br \/>www.trainingfuerhunde.net<\/p>\n<p><span style=\"color: #1d9811;\"><strong>Gibt es Teilnahmevoraussetzungen f\u00fcr den Kurs?<\/strong><\/span><\/p>\n<p>Wir freuen uns nat\u00fcrlich \u00fcber jeden, der diese Besch\u00e4ftigungsm\u00f6glichkeit kennen lernen m\u00f6chte. Um im Seminar Erfolgeserlebnisse zu haben, sollte der Hund einen guten Grundgehorsam haben, und das Arbeiten auf Distanz \u2013 Vorausschicken, Anhalten auf Entfernung, vielleicht auch schon Richtungsangaben \u2013 w\u00e4ren von Vorteil. Dies wird aber auch im Seminar trainiert. Der Hund sollte gerne spielen und gerne apportieren.<\/p>\n<p>&nbsp;<\/p>\n<p>[\/et_pb_text][\/et_pb_column][\/et_pb_row][\/et_pb_section]<\/p>\n","protected":false},"excerpt":{"rendered":"<p>Treibball Treibball Treibball \u2013 was ist das? Eine von vielen neuen Ideen, mit der unsere oft unterforderten Familienhunde ausgelastet werden k\u00f6nnen. Entwickelt von Jan Nijboer, ist Treibball eine M\u00f6glichkeit zur Besch\u00e4ftigung aller Hunde mit gro\u00dfem Spieltrieb, die m\u00f6glichst auch gerne apportieren sollten. Wochentag Betreuer derzeit keine Kurse &nbsp; Beim Treibball soll der Hund B\u00e4lle (weiche [&hellip;]<\/p>\n","protected":false},"author":1,"featured_media":0,"parent":113,"menu_order":0,"comment_status":"closed","ping_status":"closed","template":"","meta":{"_et_pb_use_builder":"on","_et_pb_old_content":"","_et_gb_content_width":"","footnotes":""},"class_list":["post-417","page","type-page","status-publish","hentry"],"_links":{"self":[{"href":"https:\/\/hundeschule-giessen.de\/angelika\/wp-json\/wp\/v2\/pages\/417","targetHints":{"allow":["GET"]}}],"collection":[{"href":"https:\/\/hundeschule-giessen.de\/angelika\/wp-json\/wp\/v2\/pages"}],"about":[{"href":"https:\/\/hundeschule-giessen.de\/angelika\/wp-json\/wp\/v2\/types\/page"}],"author":[{"embeddable":true,"href":"https:\/\/hundeschule-giessen.de\/angelika\/wp-json\/wp\/v2\/users\/1"}],"replies":[{"embeddable":true,"href":"https:\/\/hundeschule-giessen.de\/angelika\/wp-json\/wp\/v2\/comments?post=417"}],"version-history":[{"count":27,"href":"https:\/\/hundeschule-giessen.de\/angelika\/wp-json\/wp\/v2\/pages\/417\/revisions"}],"predecessor-version":[{"id":2830,"href":"https:\/\/hundeschule-giessen.de\/angelika\/wp-json\/wp\/v2\/pages\/417\/revisions\/2830"}],"up":[{"embeddable":true,"href":"https:\/\/hundeschule-giessen.de\/angelika\/wp-json\/wp\/v2\/pages\/113"}],"wp:attachment":[{"href":"https:\/\/hundeschule-giessen.de\/angelika\/wp-json\/wp\/v2\/media?parent=417"}],"curies":[{"name":"wp","href":"https:\/\/api.w.org\/{rel}","templated":true}]}}