{"id":506,"date":"2018-06-20T10:12:00","date_gmt":"2018-06-20T10:12:00","guid":{"rendered":"https:\/\/hundeschule.eikenroth.net\/?page_id=506"},"modified":"2024-03-28T22:14:56","modified_gmt":"2024-03-28T22:14:56","slug":"praktika","status":"publish","type":"page","link":"https:\/\/hundeschule-giessen.de\/angelika\/praktika\/","title":{"rendered":"Praktika"},"content":{"rendered":"<p>[et_pb_section fb_built=&#8220;1&#8243; _builder_version=&#8220;4.16&#8243; top_divider_style=&#8220;wave2&#8243; top_divider_color=&#8220;rgba(178,178,178,0.43)&#8220; top_divider_height=&#8220;52px&#8220; top_divider_flip=&#8220;horizontal&#8220; global_colors_info=&#8220;{}&#8220;][et_pb_row custom_padding_last_edited=&#8220;on|tablet&#8220; _builder_version=&#8220;4.16&#8243; background_size=&#8220;initial&#8220; background_position=&#8220;top_left&#8220; background_repeat=&#8220;repeat&#8220; custom_margin_tablet=&#8220;||0px|&#8220; custom_margin_phone=&#8220;&#8220; custom_margin_last_edited=&#8220;on|tablet&#8220; custom_padding_tablet=&#8220;||0px|&#8220; custom_padding_phone=&#8220;&#8220; global_colors_info=&#8220;{}&#8220;][et_pb_column type=&#8220;4_4&#8243; _builder_version=&#8220;4.16&#8243; custom_padding=&#8220;|||&#8220; global_colors_info=&#8220;{}&#8220; custom_padding__hover=&#8220;|||&#8220;][et_pb_text admin_label=&#8220;Headline&#8220; _builder_version=&#8220;4.16&#8243; custom_margin=&#8220;||0px|&#8220; custom_padding=&#8220;||0px|&#8220; global_colors_info=&#8220;{}&#8220;]<\/p>\n<h2 style=\"text-align: left;\">Praktika<\/h2>\n<p>[\/et_pb_text][et_pb_divider color=&#8220;rgba(178,178,178,0.43)&#8220; divider_weight=&#8220;2&#8243; _builder_version=&#8220;4.16&#8243; module_alignment=&#8220;left&#8220; height=&#8220;20px&#8220; custom_margin=&#8220;0px||0px|&#8220; custom_padding=&#8220;0px||0px|&#8220; saved_tabs=&#8220;all&#8220; global_colors_info=&#8220;{}&#8220;]&nbsp;<br \/>\n[\/et_pb_divider][et_pb_text _builder_version=&#8220;4.16&#8243; custom_margin=&#8220;0px||8.9%|&#8220; custom_margin_tablet=&#8220;0px||14.5%|&#8220; custom_margin_phone=&#8220;0px||0px|&#8220; custom_margin_last_edited=&#8220;on|desktop&#8220; custom_padding=&#8220;0px|||&#8220; global_colors_info=&#8220;{}&#8220;]<\/p>\n<p><strong>Du kannst bei uns&#8230;<br \/><\/strong><\/p>\n<p>&#8230;ein Sch\u00fclerpraktikum absolvieren, <br \/>&#8222;Praxistage&#8220; sind meistens nicht m\u00f6glich aufgrund unserer variablen Arbeitszeiten<\/p>\n<p>Hier weisen wir jedoch darauf hin,<\/p>\n<ul>\n<li>dass &#8222;Hundetrainer&#8220; derzeit noch kein wirklich anerkannter Beruf ist. Auch wenn 2014 eine Erlaubnispflicht eingef\u00fchrt wurde, mit der die Sachkunde \u00fcberpr\u00fcft wird, und es seit einigen Jahren die M\u00f6glichkeit gibt, \u00fcber eine IHK einen &#8222;offiziellen&#8220; Abschluss zu bekommen. Unsere Meinung ist, man sollte, bevor man &#8222;Hundetrainer&#8220; wird, wenn m\u00f6glich eine abgeschlossene Berufsausbildung oder einen Studienabschluss haben!<\/li>\n<li>dass wir sehr &#8222;unbequeme&#8220; Arbeitszeiten haben, wenig am Vormittag, der Hauptbetrieb ist von 16 bis teilweise nach 20 Uhr und am Wochenende! Dies muss mit dem betreuenden Lehrpersonal \/ der Schulleitung abgekl\u00e4rt werden und es muss gekl\u00e4rt werden, wie die Praktikantin \/ der Praktikant abends sicher nach Hause kommt!<\/li>\n<\/ul>\n<p>&#8230; ein freiwilliges Praktikum f\u00fcr interessierte Personen absolvieren, wenn du mal in den Beruf &#8222;Hundetrainer in einer Hundeschule&#8220; hineinschnuppern willst. Hier planen wir die Zeiten und Termine individuell. Wir nehmen hierf\u00fcr kein Geld, erwarten aber Mithilfe bei den anfallenden T\u00e4tigkeiten im Training und auf dem Hundeplatz.<\/p>\n<p>[\/et_pb_text][\/et_pb_column][\/et_pb_row][\/et_pb_section]<\/p>\n","protected":false},"excerpt":{"rendered":"<p>Praktika &nbsp; Du kannst bei uns&#8230; &#8230;ein Sch\u00fclerpraktikum absolvieren, &#8222;Praxistage&#8220; sind meistens nicht m\u00f6glich aufgrund unserer variablen Arbeitszeiten Hier weisen wir jedoch darauf hin, dass &#8222;Hundetrainer&#8220; derzeit noch kein wirklich anerkannter Beruf ist. Auch wenn 2014 eine Erlaubnispflicht eingef\u00fchrt wurde, mit der die Sachkunde \u00fcberpr\u00fcft wird, und es seit einigen Jahren die M\u00f6glichkeit gibt, \u00fcber [&hellip;]<\/p>\n","protected":false},"author":1,"featured_media":0,"parent":0,"menu_order":0,"comment_status":"closed","ping_status":"closed","template":"","meta":{"_et_pb_use_builder":"on","_et_pb_old_content":"","_et_gb_content_width":"","footnotes":""},"class_list":["post-506","page","type-page","status-publish","hentry"],"_links":{"self":[{"href":"https:\/\/hundeschule-giessen.de\/angelika\/wp-json\/wp\/v2\/pages\/506","targetHints":{"allow":["GET"]}}],"collection":[{"href":"https:\/\/hundeschule-giessen.de\/angelika\/wp-json\/wp\/v2\/pages"}],"about":[{"href":"https:\/\/hundeschule-giessen.de\/angelika\/wp-json\/wp\/v2\/types\/page"}],"author":[{"embeddable":true,"href":"https:\/\/hundeschule-giessen.de\/angelika\/wp-json\/wp\/v2\/users\/1"}],"replies":[{"embeddable":true,"href":"https:\/\/hundeschule-giessen.de\/angelika\/wp-json\/wp\/v2\/comments?post=506"}],"version-history":[{"count":28,"href":"https:\/\/hundeschule-giessen.de\/angelika\/wp-json\/wp\/v2\/pages\/506\/revisions"}],"predecessor-version":[{"id":4264,"href":"https:\/\/hundeschule-giessen.de\/angelika\/wp-json\/wp\/v2\/pages\/506\/revisions\/4264"}],"wp:attachment":[{"href":"https:\/\/hundeschule-giessen.de\/angelika\/wp-json\/wp\/v2\/media?parent=506"}],"curies":[{"name":"wp","href":"https:\/\/api.w.org\/{rel}","templated":true}]}}